vative of s**4/24 - s**3/3 + 3*s**2/2 + 5*s. Let d(q) be the first derivative of r(q). Give d(3).
1
Suppose -3*i = i + 2*m - 4, 3*i - 3*m + 15 = 0. Let n = 3 + i. Let w(k) be the first derivative of -k**2/2 - 2*k - 1. Determine w(n).
-4
Let m(a) = 7*a. Let l(t) = -t - 2. Let v(z) = -2*z + 6 - 3 + 3*z. Let x be v(-6). Let d be l(x). Determine m(d).
7
Let h = 22 + -20. Let z(o) = -o**2 - o + 2. What is z(h)?
-4
Let h(f) be the first derivative of -3*f**2 + 3*f + 10. Let q be (0 - -1)*4/2. Determine h(q).
-9
Let l = 0 - 1. Let i = l - -7. Let r(n) = -2*n + 8. Give r(i).
-4
Let y(j) be the first derivative of 3*j**4/2 + j**2/2 - j + 1. Let n(x) = -4*x + 2. Let b(a) = -9*a + 4. Let u(o) = -3*b(o) + 7*n(o). Let w be u(1). Give y(w).
6
Let c(t) be the first derivative of t**4/24 - t**2 - 1. Let s(v) be the second derivative of c(v). Suppose -2*j - 3*j + 25 = 0. Calculate s(j).
5
Let o(r) = 4*r - 1. Let k = 54 + -37. Let l(t) = -t**2 + 6 + 0 - 1 - k*t. Let g(z) = 2*l(z) + 9*o(z). Determine g(-1).
-3
Let y(l) = -l - 4. Let n(g) = -g - 6. Suppose -5*d + 20 = -0*d + 4*j, -2*d = -2*j + 10. Let z be n(d). Give y(z).
2
Let c(z) = z**2 + 4*z. Let n be c(-5). Let k(r) = -6*r**2 + 1. Let u(x) = x**2. Let p(j) = n*u(j) + k(j). What is p(-3)?
-8
Let n(f) = f**2 - 4 + 3*f - 4*f - f + 0*f. Let l be (-14)/(-3) - 4/6. What is n(l)?
4
Let a(h) = -h**3 + 4*h**2 + 5*h + 6. Let q = 68 + -35. Let j be 159/q - 4/(-22). Give a(j).
6
Let a(v) = -v + 1. Let u(q) = -q**2 - 5*q + 6. Let i(o) = -11*a(o) + 2*u(o). Let d(c) = 11*c + 0 - c**2 - 5*c - 6. Let l be d(4). Give i(l).
-5
Let a(f) be the second derivative of -4*f**3/3 - f**2/2 + f. Suppose z - 1 + 2 = -i, 2*z = -i + 1. Suppose 0 = -0*o - o + z*x + 5, -6 = 2*x. Give a(o).
7
Let g be (24/(-20))/(6/(-80)). Let z = g - 10. Let y(j) = j**2 - 5*j - 6. What is y(z)?
0
Suppose -39 = -2*m - 11*m. Let v(u) = 2 - 1 - 3*u - u + u**2. Determine v(m).
-2
Let m(k) = k**3 - 9*k**2 - 11*k - 1. Let o be m(10). Let j = o - -10. Let q(w) = 9*w + 1. What is q(j)?
-8
Let p(i) be the first derivative of 2*i + 4 - 3/2*i**2. Give p(3).
-7
Let m = -2 + 2. Let v(g) = 2*g**2 - 2. Let b(d) = 9*d**2 + 1. Let a(l) = b(l) - 4*v(l). What is a(m)?
9
Suppose 2*h + 3 = 5*s + 6, 17 = 4*h + s. Suppose -2*z - h = -4*n, -n = 3*n - 3*z - 4. Let q be 0/4 - 3/n. Let u(i) = i - 4. Calculate u(q).
-7
Let b(n) = n**2. Let g(s) = 6*s**2 + 9*s + 7. Let q(j) = -5*b(j) + g(j). Determine q(-8).
-1
Let o(c) = 15 - 1 - c**2 - 7*c + 0*c - 9. Determine o(-8).
-3
Let j be 12/(-7) + -3 + (-4)/14. Let n(u) = u**2 + 8*u - 5. Determine n(j).
-20
Let l be ((-6)/(-4)*(-12)/(-9))/2. Let y(v) be the first derivative of -5*v**4/2 + v**2/2 - v + 2. Give y(l).
-10
Let v(a) = 10 - a**2 + 0*a**2 + 7*a + 0*a**2. Determine v(8).
2
Let j be 0 - -3*(-1 - -2). Let g(q) = 1 - 2 + 2*q**2 + 2 - q**j + 0*q**3. Calculate g(2).
1
Let k be 6/(-24) + (-1)/(-4). Let a(r) = r**3 - r - 6. Determine a(k).
-6
Let o(f) = f**3 - f**2 + f - 2. Let s(c) = 4*c**3 + 4*c**2 - 5*c - 2. Let q(k) = 3*o(k) - s(k). Determine q(-8).
-4
Let b(c) = -3*c - 7. Suppose p - 19 = 4*o, 2*p = 3*p + 1. Calculate b(o).
8
Let f be (36/27)/(2/9). Let w(g) = -3*g - f + 5*g + 7 + 0*g. Give w(1).
3
Let c(p) = -6*p - 3. Suppose 5*x - 2*q = 3*q - 15, 5*x + 4*q = -24. Calculate c(x).
21
Let k = 7 + -11. Let t = -2 + 3. Let d(j) = 5 + 3*j + t - j. Calculate d(k).
-2
Let q(r) = 2*r + 1. Suppose -13 = -2*u - 1. Give q(u).
13
Let n(d) = 7*d**3 + 4*d**2 + 3*d + 6. Let l(v) = v**3 + 1. Let x(b) = -6*l(b) + n(b). Determine x(-3).
0
Let a(g) = 5 - 5*g**2 - 6*g**2 + 12*g**2 - 2. Let w(c) = 4*c - 2. Let x(h) = 9*h - 4. Let f(r) = -7*w(r) + 3*x(r). Let j be f(2). What is a(j)?
3
Let o(i) be the second derivative of 1/2*i**2 - 1/20*i**5 - 5*i + 1/2*i**4 + 0 - i**3. Determine o(5).
-4
Let u(z) = -6 - 11 - 6*z + z + 4*z. Determine u(-7).
-10
Suppose 0 = -4*b + 6 + 10. Suppose -f = -b*f + 12. Let q(h) = -h**2 + 6*h - 1. Calculate q(f).
7
Let p(r) = r**2 + 4*r + 4. Let y(q) = -q**2 - 5*q - 2. Let s(n) = -6*p(n) - 7*y(n). Give s(-12).
2
Let k(n) = -n**2. Let w(j) = -j**3 + 10*j**2 + 11*j - 9. Let z(d) = 3*k(d) + w(d). Give z(8).
15
Let c(o) be the third derivative of o**5/120 + o**4/12 + o**3 + 4*o**2. Let h(p) be the first derivative of c(p). Give h(-6).
-4
Suppose -5*m = 12 + 13. Let l = 4 + m. Let z(f) = -4*f**3. Give z(l).
4
Let q be -2 + 9 + -3 + 5. Let b(t) = t**3 - 10*t**2 + 10*t - 10. What is b(q)?
-1
Let g(c) = c - c - c**2. Let y be 4 + (0/2)/(-4). Suppose v + y = -v. Calculate g(v).
-4
Suppose -3*v - 7 = -64. Let i = -31 + v. Let j(o) = -o**2 - 12*o - 5. Let r be j(i). Let m(s) = -s**2 - 3*s + 6. Calculate m(r).
-4
Let r = -5 + 11. Let q(m) be the first derivative of 2 - 1/3*m**3 - 8*m + 4*m**2. Calculate q(r).
4
Let o(g) = 22*g + 1. Let s be o(2). Let f be 86/(-18) + (-10)/s. Let k(z) = -z**2 + 1 - 4*z - 1. Calculate k(f).
-5
Suppose -3*w + 8*w = 30. Let t(k) = 2*k - 2. What is t(w)?
10
Let a(j) = -6*j + 7. Suppose 0 + 6 = -n. Let s(l) = 5*l - 6. Let c(z) = -2*z + 7. Let h be c(7). Let k(y) = h*s(y) + n*a(y). What is k(2)?
2
Let r(a) be the first derivative of -5*a**2/2 - a - 1. Suppose -d = -5*w - 4, -2*d - d = w + 4. Calculate r(d).
4
Let x(n) = n**2 + 5*n - 6. Let p be 5*-1 - 2 - 0. Let q be x(p). Let c(y) = -y**3 + 9*y**2 - 9*y + 8. Let m be c(q). Let d(w) = w. Calculate d(m).
0
Let o(a) = -2*a + 4. Let y be (-82)/(-12) + (-2)/(-12). Suppose 4*u + y = 23. Calculate o(u).
-4
Let x(f) = -1. Let p(j) = -j**2 - 7*j - 5. Suppose -4*t - 4 + 0 = 0. Let n(s) = t*p(s) + 4*x(s). Calculate n(-6).
-5
Let h(a) = 2*a + 11. Let k(u) = -u - 5. Let j(z) = 3*h(z) + 5*k(z). Determine j(6).
14
Let v(u) = 0*u + 0*u - u. Let a(z) = -9*z + 1. Let f(d) = -a(d) + v(d). Give f(-1).
-9
Let m = 34 + -22. Let i = m + -12. Let b(t) be the third derivative of t**6/120 - t**5/60 - t**4/24 - 2*t**3/3 + t**2. What is b(i)?
-4
Let l(v) = -v**3 - 8*v**2 + 10*v. Let z be l(-9). Let p = z - -15. Let h(y) = y**2 - 6*y - 4. What is h(p)?
-4
Let n = -3 - -3. Suppose n*t + 35 = 5*f - 5*t, -22 = -4*f + t. Let k(a) be the second derivative of a**3/6 - 9*a**2/2 - a. Give k(f).
-4
Let c = -3 + 0. Let o = 6 + c. Let s(d) = 4 + 0*d**2 - 2*d + 2*d**2 - d**2. Calculate s(o).
7
Let p(h) = -4*h - 1. Suppose -2 = 3*r + 2*k - 6, 2*r + 3*k - 6 = 0. Suppose r*g - 3*g + 7 = 2*s, 14 = -4*g + 2*s. Give p(g).
3
Let j(z) = -3*z**2 + 2*z + 5. Let o(y) = -4 + 2*y**2 - 3*y + 4*y - 3*y. Let b(c) = 5*j(c) + 6*o(c). Give b(-2).
-7
Let k(x) be the first derivative of -x**2/2 - 14*x + 13. Determine k(-10).
-4
Suppose 0 = -b - 5*z + 17, 2*b + b = 3*z + 51. Let i = b - 12. Let s(m) = -m - 5. Let l(q) = -6*q - 24. Let r(w) = -2*l(w) + 11*s(w). Calculate r(i).
-2
Let d(u) = -u**2 + 9. Let o = 20 + -20. What is d(o)?
9
Suppose -25 = 3*h - 8*h. Let p(y) = -7*y - 8. Let b(z) = 13*z + 15. Suppose 0 = -4*c - u + 43, 4*c = 3*c + u + 12. Let d(t) = c*p(t) + 6*b(t). What is d(h)?
7
Let c(f) = f**3 - 4*f**2 - 8*f - 4. Let s be c(6). Suppose 0*a + s = -5*h - 5*a, -3*a + 3 = 0. Let w(i) = i + 4. Determine w(h).
-1
Let c(p) = 2*p**3. Suppose -3*l + 6*h = h - 3, 4*h = 0. Determine c(l).
2
Let y = -4 + 6. Let u(r) = 5*r - y*r - 7 + 0 - 4*r. Calculate u(-3).
-4
Let j = 3 - 4. Let v(x) = x**2 + 6*x - 1. Let o be v(-5). Let z(r) = -r**3 + r**2 + 6*r + 5. Let a(t) = -t - 1. Let l(k) = o*a(k) - z(k). Calculate l(j).
-1
Let r(s) be the second derivative of -s**6/180 - s**5/30 - s**4/24 - s**3/2 - 3*s. Let b(t) be the second derivative of r(t). Calculate b(-4).
-17
Let x = -9 - -13. Suppose -3*o - x = 2. Let t(c) be the third derivative of c**5/30 + c**4/12 + c**3/3 - c**2. Give t(o).
6
Suppose -3*j = 2*b + 4, -b + j = -0*j - 3. Let v(f) = -4*f + 1. Determine v(b).
-3
Let w(r) be the second derivative of r**3/6 - 9*r**2/2 + 2*r. Give w(4).
-5
Let n be (-336)/(-88) - 2/(-11). Let k(d) = d**3 - 5*d**2 + 6*d - 3. Let c(f) = f**3 - 5*f**2 + 7*f - 2. Let o(m) = -2*c(m) + 3*k(m). Calculate o(n).
-5
Let g(p) = 2*p + 11. Let b be g(-3). Let y(z) be the third derivative of -1/10*z**5 + 0*z + z**2 + 0 + 1/3*z**3 + 1/120*z**6 + 1/4*z**4. Give y(b).
7
Let l = 11 + -3. Suppose -3*j - 3*s + 36 = -l*j, 0 = -4*j + s - 26. Let b(z) = z**2 + 4*z - 5. Give b(j).
7
Let h(u) = 7*u**3 - 6*u**3 - 1 + 0 + 6*u**2 - 5*u. Determine h(-7).
-15
Let n(v) 